{"id":1820,"date":"2016-02-14T05:36:06","date_gmt":"2016-02-14T04:36:06","guid":{"rendered":"http:\/\/www.schuetzen-hoengen.de\/?page_id=1820"},"modified":"2021-05-30T11:52:11","modified_gmt":"2021-05-30T09:52:11","slug":"in-stillen-gedenken","status":"publish","type":"page","link":"https:\/\/schuetzen-hoengen.de\/index.php\/bruderschaft\/mitglieder\/in-stillen-gedenken\/","title":{"rendered":"In Stillen Gedenken"},"content":{"rendered":"<h4 style=\"text-align: center;\">Wir gedenken unseren verstorbenen<br \/>\naktiven Mitgliedern<\/h4>\n<p>&nbsp;<\/p>\n<p><a href=\"http:\/\/www.schuetzen-hoengen.de\/wp-content\/uploads\/2015\/04\/index.jpg\" rel=\"attachment wp-att-1700\" data-rel=\"lightbox-image-0\" data-rl_title=\"\" data-rl_caption=\"\" title=\"\"><img loading=\"lazy\" decoding=\"async\" class=\"size-full wp-image-1700 aligncenter\" src=\"http:\/\/www.schuetzen-hoengen.de\/wp-content\/uploads\/2015\/04\/index.jpg\" alt=\"index\" width=\"174\" height=\"116\" \/><\/a><\/p>\n<h5 style=\"text-align: center;\"><em>Unsere Toten sind nicht abwesend, sondern nur<br \/>\nunsichtbar.<br \/>\nSie schauen mit ihren Augen voller Licht in<br \/>\nunsere Augen voller Trauer.<\/em><\/h5>\n<p>&nbsp;<\/p>\n<h5><em>Unsere verstorbenen Mitglieder der letzten<br \/>\n20 Jahren<\/em><\/h5>\n<h5>Gerorg Robertz\u00a0 \u00a0 \u00a0 \u00a0 \u00a0 \u00a0 \u00a0 \u00a0 \u00a0 2021<br \/>\nMatthias Deckers\u00a0 \u00a0 \u00a0 \u00a0 \u00a0 \u00a0 \u00a02021<br \/>\nBerthold Conen\u00a0 \u00a0 \u00a0 \u00a0 \u00a0 \u00a0 \u00a0 \u00a0 \u00a02021<\/h5>\n<h5>Brandts Willy\u00a0 \u00a0 \u00a0 \u00a0 \u00a0 \u00a0 \u00a0 \u00a0 \u00a0 \u00a0 \u00a0 2020<br \/>\nJan\u00dfen Hans\u00a0 \u00a0 \u00a0 \u00a0 \u00a0 \u00a0 \u00a0 \u00a0 \u00a0 \u00a0 \u00a0 \u00a0 2020<br \/>\nStoffels Hermann\u00a0 \u00a0 \u00a0 \u00a0 \u00a0 \u00a0 \u00a02020<\/h5>\n<p><!--more--><\/p>\n<h5><!--more-->Stassen Peter\u00a0\u00a0\u00a0\u00a0\u00a0\u00a0\u00a0\u00a0\u00a0\u00a0\u00a0\u00a0\u00a0\u00a0\u00a0\u00a0\u00a0\u00a0\u00a0\u00a0\u00a0 2019<br \/>\nCornel Zaunbrecher\u00a0\u00a0\u00a0\u00a0\u00a0\u00a0 2016<br \/>\nMarkus Conen \u00a0 \u00a0 \u00a0 \u00a0 \u00a0 \u00a0 \u00a0 \u00a0 \u00a0\u00a0 2015<br \/>\nJosef Douven\u00a0\u00a0\u00a0 \u00a0\u00a0\u00a0\u00a0 \u00a0 \u00a0 \u00a0 \u00a0 \u00a0\u00a0 \u00a0\u00a0 2015<br \/>\nMarcel Jetten\u00a0\u00a0 \u00a0 \u00a0 \u00a0 \u00a0 \u00a0 \u00a0 \u00a0 \u00a0 \u00a0\u00a0 2014<br \/>\nLeo Heinen\u00a0\u00a0\u00a0\u00a0\u00a0\u00a0\u00a0 \u00a0 \u00a0 \u00a0 \u00a0 \u00a0 \u00a0 \u00a0 \u00a0 \u00a0 \u00a0 2012<br \/>\nPaul Conen\u00a0\u00a0\u00a0\u00a0\u00a0\u00a0\u00a0\u00a0 \u00a0 \u00a0 \u00a0\u00a0 \u00a0 \u00a0 \u00a0 \u00a0\u00a0 \u00a0\u00a0 2010<\/h5>\n<h5>Josef Jansen\u00a0\u00a0\u00a0\u00a0\u00a0 \u00a0 \u00a0 \u00a0 \u00a0 \u00a0 \u00a0 \u00a0\u00a0 \u00a0 \u00a0 2009<br \/>\nJosef Peters\u00a0\u00a0\u00a0\u00a0\u00a0 \u00a0 \u00a0 \u00a0 \u00a0 \u00a0 \u00a0 \u00a0 \u00a0\u00a0 \u00a0\u00a0 2008<br \/>\nWalter Schr\u00f6der\u00a0\u00a0\u00a0 \u00a0 \u00a0 \u00a0 \u00a0 \u00a0 \u00a0 2008<br \/>\nGottfried Dahlmanns\u00a0 \u00a0\u00a0 2007<br \/>\nGerhard Mengeler\u00a0\u00a0\u00a0\u00a0\u00a0\u00a0\u00a0 \u00a0\u00a0 2007<br \/>\nPeter Tholen\u00a0\u00a0\u00a0\u00a0\u00a0\u00a0\u00a0\u00a0\u00a0\u00a0\u00a0\u00a0\u00a0\u00a0\u00a0\u00a0\u00a0\u00a0\u00a0 \u00a0 \u00a0 2006<br \/>\nJosef Schr\u00f6der\u00a0\u00a0\u00a0\u00a0\u00a0\u00a0\u00a0\u00a0\u00a0\u00a0\u00a0\u00a0\u00a0\u00a0 \u00a0 \u00a0\u00a0 2002<br \/>\nLambert Herfs\u00a0\u00a0\u00a0\u00a0\u00a0\u00a0\u00a0\u00a0\u00a0\u00a0\u00a0\u00a0\u00a0\u00a0\u00a0\u00a0 \u00a0 \u00a0 2001<\/h5>\n<h5>Hermann Fehlen\u00a0\u00a0\u00a0\u00a0\u00a0\u00a0\u00a0\u00a0\u00a0\u00a0\u00a0\u00a0 \u00a0\u00a0 1999<br \/>\nAnton Heinen\u00a0\u00a0\u00a0\u00a0\u00a0\u00a0\u00a0\u00a0\u00a0\u00a0\u00a0\u00a0\u00a0\u00a0\u00a0\u00a0\u00a0\u00a0 \u00a0\u00a0 1999<br \/>\nMatthias Mengeler\u00a0\u00a0\u00a0\u00a0\u00a0\u00a0 \u00a0\u00a0 1997<br \/>\nJohann Sp\u00e4tgens\u00a0\u00a0\u00a0\u00a0\u00a0\u00a0\u00a0\u00a0\u00a0\u00a0\u00a0 \u00a0\u00a0 1996<br \/>\nLambert Mertens\u00a0\u00a0\u00a0\u00a0\u00a0\u00a0\u00a0\u00a0\u00a0 \u00a0 \u00a0 1995<br \/>\nChristian Vergossen\u00a0\u00a0\u00a0\u00a0 \u00a0\u00a0 1995<br \/>\nPastor van de Ploog\u00a0\u00a0\u00a0\u00a0\u00a0\u00a0 \u00a0 1994<\/h5>\n<p>&nbsp;<\/p>\n<h5>Wir gedenken unserem verstorbenen aktiven Mitglied<\/h5>\n<h6>Am 06.12. verstarb unser Sch\u00fctzenbruder<\/h6>\n<h2><em>Peter Stassen<\/em><\/h2>\n<h6>die Beerdigung findet am 17. Dezember, 14.30 Uhr ab der Friedhofskapelle statt. Wir bitten um eine gute Beteiligung von Seiten der Sch\u00fctzen, mit Schirmmm\u00fctze und Krawatte.<\/h6>\n<h6>Wir werden ihm ein ehrendes Andenken bewahren.<\/h6>\n<hr \/>\n<h4>Nachruf<\/h4>\n<h5>Cornel Zaunbrecher<\/h5>\n<p>Am 24. Januar 2016 verstarb unser aktives Mitglied Cornel Zaunbrecher.<br \/>\nCornel Zaunbrecher war seit 1974 aktives Mitglied der St. Johannes Baptist Sch\u00fctzenbruderschaft. <strong>1981 errang er die K\u00f6nigsw\u00fcrde.<\/strong> Cornel Zaunbrecher bekleidete jahrelang den <strong>Posten des<br \/>\n1. F\u00e4hnriches. <\/strong><strong>2004<\/strong> erhielt er f\u00fcr seine besonderen Verdienste<br \/>\ndas <strong>\u201c Silberne Verdienstkreuz\u201c .<\/strong><br \/>\nWir haben Cornel als hilfsbereiten, engagierten Menschen kennengelernt, besonders, wenn es darum ging technische Probleme zu l\u00f6sen. Bei den zahlreichen Arbeiteins\u00e4tzen konnte man sich immer auf ihn verlassen.<\/p>\n<p>Mit der Familie trauen wir um Cornel, den wir ein ehrendes Andenken bewahren werden.<\/p>\n<h5>St. Johannes Baptist Sch\u00fctzenbruderschaft H\u00f6ngen<\/h5>\n<hr \/>\n<h4>Nachruf<\/h4>\n<h4>Markus Conen<\/h4>\n<p>gehofft, gek\u00e4mpft und doch verloren<\/p>\n<p>Am 23. Dezember 2015, im Alter von 31 Jahren, verstarb nach schwerer Krankheit unser aktives Mitglied Markus Conen.<\/p>\n<p>Markus Conen war seit 2003 aktives Mitglied der St. Johannes Baptist Sch\u00fctzenbruderschaft. 2004 errang er die K\u00f6nigsw\u00fcrde und repr\u00e4sentierte die Sch\u00fctzenbruderschaft beim Dekanatssch\u00fctzenfest 2004\u00a0 in H\u00f6ngen.<br \/>\nWir haben Markus als hilfsbereiten, engagierten, lebensbejahenden\u00a0 Menschen kennengelernt. Mit seinem ehrenamtlichen Engagement,\u00a0 trotz seiner Krankheit, war er f\u00fcr viele ein Vorbild.<br \/>\nMit Markus verlieren wir ein tragendes Mitglied unserer Vereinsgemeinschaften im Ort.<\/p>\n<p>Mit der Familie trauen wir um Markus, den wir ein ehrendes Andenken bewahren werden.<\/p>\n<h5>St. Johannes Baptist Sch\u00fctzenbruderschaft H\u00f6ngen<\/h5>\n<p><a href=\"http:\/\/www.schuetzen-hoengen.de\/wp-content\/uploads\/2015\/11\/133_3341-1.jpg\" rel=\"attachment wp-att-3241\" data-rel=\"lightbox-image-1\" data-rl_title=\"\" data-rl_caption=\"\" title=\"\"><img loading=\"lazy\" decoding=\"async\" class=\"alignnone size-medium wp-image-3241\" src=\"http:\/\/www.schuetzen-hoengen.de\/wp-content\/uploads\/2015\/11\/133_3341-1-300x200.jpg\" alt=\"133_3341\" width=\"300\" height=\"200\" srcset=\"https:\/\/schuetzen-hoengen.de\/wp-content\/uploads\/2015\/11\/133_3341-1-300x200.jpg 300w, https:\/\/schuetzen-hoengen.de\/wp-content\/uploads\/2015\/11\/133_3341-1-768x512.jpg 768w, https:\/\/schuetzen-hoengen.de\/wp-content\/uploads\/2015\/11\/133_3341-1-1024x683.jpg 1024w\" sizes=\"(max-width: 300px) 100vw, 300px\" \/><\/a><\/p>\n<p>K\u00f6nigspaar 2004 Markus Conen und Silke Vraetz<\/p>\n<h5><\/h5>\n<p>&nbsp;<\/p>\n","protected":false},"excerpt":{"rendered":"<p>Wir gedenken unseren verstorbenen aktiven Mitgliedern &nbsp; Unsere Toten sind nicht abwesend, sondern nur unsichtbar. Sie schauen mit ihren Augen voller Licht in unsere Augen voller Trauer. &nbsp; Unsere verstorbenen Mitglieder der letzten 20 Jahren Gerorg Robertz\u00a0 \u00a0 \u00a0 \u00a0 \u00a0 \u00a0 \u00a0 \u00a0 \u00a0 2021 Matthias Deckers\u00a0 \u00a0 \u00a0 \u00a0 \u00a0 \u00a0 \u00a02021 Berthold &hellip; <a href=\"https:\/\/schuetzen-hoengen.de\/index.php\/bruderschaft\/mitglieder\/in-stillen-gedenken\/\" class=\"more-link\"><span class=\"screen-reader-text\">In Stillen Gedenken<\/span> weiterlesen <span class=\"meta-nav\">&rarr;<\/span><\/a><\/p>\n","protected":false},"author":2,"featured_media":0,"parent":67,"menu_order":0,"comment_status":"closed","ping_status":"closed","template":"","meta":{"footnotes":""},"_links":{"self":[{"href":"https:\/\/schuetzen-hoengen.de\/index.php\/wp-json\/wp\/v2\/pages\/1820"}],"collection":[{"href":"https:\/\/schuetzen-hoengen.de\/index.php\/wp-json\/wp\/v2\/pages"}],"about":[{"href":"https:\/\/schuetzen-hoengen.de\/index.php\/wp-json\/wp\/v2\/types\/page"}],"author":[{"embeddable":true,"href":"https:\/\/schuetzen-hoengen.de\/index.php\/wp-json\/wp\/v2\/users\/2"}],"replies":[{"embeddable":true,"href":"https:\/\/schuetzen-hoengen.de\/index.php\/wp-json\/wp\/v2\/comments?post=1820"}],"version-history":[{"count":32,"href":"https:\/\/schuetzen-hoengen.de\/index.php\/wp-json\/wp\/v2\/pages\/1820\/revisions"}],"predecessor-version":[{"id":12754,"href":"https:\/\/schuetzen-hoengen.de\/index.php\/wp-json\/wp\/v2\/pages\/1820\/revisions\/12754"}],"up":[{"embeddable":true,"href":"https:\/\/schuetzen-hoengen.de\/index.php\/wp-json\/wp\/v2\/pages\/67"}],"wp:attachment":[{"href":"https:\/\/schuetzen-hoengen.de\/index.php\/wp-json\/wp\/v2\/media?parent=1820"}],"curies":[{"name":"wp","href":"https:\/\/api.w.org\/{rel}","templated":true}]}}