{"id":2230,"date":"2016-03-21T11:02:07","date_gmt":"2016-03-21T10:02:07","guid":{"rendered":"http:\/\/www.schuetzen-hoengen.de\/?page_id=2230"},"modified":"2019-04-17T19:37:13","modified_gmt":"2019-04-17T17:37:13","slug":"ostereierschiessen","status":"publish","type":"page","link":"https:\/\/schuetzen-hoengen.de\/index.php\/veranstaltungen-2\/veranstaltungen-2016\/ostereierschiessen\/","title":{"rendered":"Ostereierschiessen"},"content":{"rendered":"<h2 style=\"text-align: center;\"><span style=\"color: #ff9900;\"><span style=\"color: #3366ff;\">Ostereier<\/span><span style=\"color: #339966;\">schiessen<\/span> <span style=\"color: #ff0000;\">2016<\/span><br \/>\n<\/span><\/h2>\n<h1 style=\"text-align: center;\"><a href=\"http:\/\/www.schuetzen-hoengen.de\/wp-content\/uploads\/2015\/11\/Ostern2.jpg\" rel=\"attachment wp-att-1873\" data-rel=\"lightbox-image-0\" data-rl_title=\"\" data-rl_caption=\"\" title=\"\"><img loading=\"lazy\" decoding=\"async\" class=\"wp-image-1873 aligncenter\" src=\"http:\/\/www.schuetzen-hoengen.de\/wp-content\/uploads\/2015\/11\/Ostern2-300x222.jpg\" alt=\"Ostern2\" width=\"199\" height=\"147\" srcset=\"https:\/\/schuetzen-hoengen.de\/wp-content\/uploads\/2015\/11\/Ostern2-300x222.jpg 300w, https:\/\/schuetzen-hoengen.de\/wp-content\/uploads\/2015\/11\/Ostern2.jpg 524w\" sizes=\"(max-width: 199px) 100vw, 199px\" \/><\/a><\/h1>\n<h1 style=\"text-align: center;\"><a href=\"http:\/\/www.schuetzen-hoengen.de\/wp-content\/uploads\/2016\/03\/CIMG1060-Copy.jpg\" data-rel=\"lightbox-image-1\" data-rl_title=\"\" data-rl_caption=\"\" title=\"\"><img loading=\"lazy\" decoding=\"async\" class=\"alignnone size-medium wp-image-8280\" src=\"http:\/\/www.schuetzen-hoengen.de\/wp-content\/uploads\/2016\/03\/CIMG1060-Copy-300x225.jpg\" alt=\"\" width=\"300\" height=\"225\" srcset=\"https:\/\/schuetzen-hoengen.de\/wp-content\/uploads\/2016\/03\/CIMG1060-Copy-300x225.jpg 300w, https:\/\/schuetzen-hoengen.de\/wp-content\/uploads\/2016\/03\/CIMG1060-Copy.jpg 640w\" sizes=\"(max-width: 300px) 100vw, 300px\" \/><\/a><\/h1>\n<h5 style=\"text-align: center;\"><span style=\"color: #000000;\">\u00a0Dorfmeister 2016\u00a0\u00a0 Tobias Conen<\/span><\/h5>\n<p style=\"text-align: center;\">2. Frank K\u00fcsters\u00a0\u00a0 3. Paul Boumans<br \/>\nmit Schie\u00dfmeister Karl-Heinz Welter<\/p>\n<h2 style=\"text-align: center;\"><span style=\"color: #000000;\">&#8220;Herzlichen Gl\u00fcckwunsch&#8221;<\/span><\/h2>\n<hr \/>\n<p style=\"text-align: center;\"><a href=\"http:\/\/www.schuetzen-hoengen.de\/wp-content\/uploads\/2015\/04\/Ostern-2016.jpg\" rel=\"attachment wp-att-2198\" data-rel=\"lightbox-image-2\" data-rl_title=\"\" data-rl_caption=\"\" title=\"\"><img loading=\"lazy\" decoding=\"async\" class=\"alignnone wp-image-2198 aligncenter\" src=\"http:\/\/www.schuetzen-hoengen.de\/wp-content\/uploads\/2015\/04\/Ostern-2016.jpg\" alt=\"Ostern 2016\" width=\"271\" height=\"198\" \/><\/a><\/p>\n<h3 style=\"text-align: center;\">Impressionen vom Ostereierschiessen 2016<\/h3>\n<p>&nbsp;<\/p>\n<p style=\"text-align: center;\">1000 Eier hatte ich f\u00fcr Euch gef\u00e4rbt!!!<br \/>\nVielen Dank an alle Besucher.<\/p>\n<p style=\"text-align: center;\"><a href=\"http:\/\/www.schuetzen-hoengen.de\/wp-content\/uploads\/2015\/04\/Osterhase-3.jpg\" data-rel=\"lightbox-image-3\" data-rl_title=\"\" data-rl_caption=\"\" title=\"\"><img loading=\"lazy\" decoding=\"async\" class=\"size-medium wp-image-8276 aligncenter\" src=\"http:\/\/www.schuetzen-hoengen.de\/wp-content\/uploads\/2015\/04\/Osterhase-3-135x300.jpg\" alt=\"\" width=\"135\" height=\"300\" srcset=\"https:\/\/schuetzen-hoengen.de\/wp-content\/uploads\/2015\/04\/Osterhase-3-135x300.jpg 135w, https:\/\/schuetzen-hoengen.de\/wp-content\/uploads\/2015\/04\/Osterhase-3-768x1705.jpg 768w, https:\/\/schuetzen-hoengen.de\/wp-content\/uploads\/2015\/04\/Osterhase-3-461x1024.jpg 461w, https:\/\/schuetzen-hoengen.de\/wp-content\/uploads\/2015\/04\/Osterhase-3.jpg 833w\" sizes=\"(max-width: 135px) 100vw, 135px\" \/><\/a><\/p>\n<p style=\"text-align: center;\"><a href=\"http:\/\/www.schuetzen-hoengen.de\/wp-content\/uploads\/2016\/03\/CIMG1049-Copy.jpg\" data-rel=\"lightbox-image-4\" data-rl_title=\"\" data-rl_caption=\"\" title=\"\"><img loading=\"lazy\" decoding=\"async\" class=\"alignnone size-medium wp-image-8282\" src=\"http:\/\/www.schuetzen-hoengen.de\/wp-content\/uploads\/2016\/03\/CIMG1049-Copy-300x225.jpg\" alt=\"\" width=\"300\" height=\"225\" srcset=\"https:\/\/schuetzen-hoengen.de\/wp-content\/uploads\/2016\/03\/CIMG1049-Copy-300x225.jpg 300w, https:\/\/schuetzen-hoengen.de\/wp-content\/uploads\/2016\/03\/CIMG1049-Copy.jpg 640w\" sizes=\"(max-width: 300px) 100vw, 300px\" \/><\/a><\/p>\n<p style=\"text-align: center;\"><a href=\"http:\/\/www.schuetzen-hoengen.de\/wp-content\/uploads\/2016\/03\/CIMG1048-Copy.jpg\" data-rel=\"lightbox-image-5\" data-rl_title=\"\" data-rl_caption=\"\" title=\"\"><img loading=\"lazy\" decoding=\"async\" class=\"alignnone size-medium wp-image-8283\" src=\"http:\/\/www.schuetzen-hoengen.de\/wp-content\/uploads\/2016\/03\/CIMG1048-Copy-300x225.jpg\" alt=\"\" width=\"300\" height=\"225\" srcset=\"https:\/\/schuetzen-hoengen.de\/wp-content\/uploads\/2016\/03\/CIMG1048-Copy-300x225.jpg 300w, https:\/\/schuetzen-hoengen.de\/wp-content\/uploads\/2016\/03\/CIMG1048-Copy.jpg 640w\" sizes=\"(max-width: 300px) 100vw, 300px\" \/><\/a><\/p>\n<p style=\"text-align: center;\"><a href=\"http:\/\/www.schuetzen-hoengen.de\/wp-content\/uploads\/2016\/03\/DSCN1908-Copy.jpg\" data-rel=\"lightbox-image-6\" data-rl_title=\"\" data-rl_caption=\"\" title=\"\"><img loading=\"lazy\" decoding=\"async\" class=\"alignnone size-medium wp-image-8284\" src=\"http:\/\/www.schuetzen-hoengen.de\/wp-content\/uploads\/2016\/03\/DSCN1908-Copy-300x225.jpg\" alt=\"\" width=\"300\" height=\"225\" srcset=\"https:\/\/schuetzen-hoengen.de\/wp-content\/uploads\/2016\/03\/DSCN1908-Copy-300x225.jpg 300w, https:\/\/schuetzen-hoengen.de\/wp-content\/uploads\/2016\/03\/DSCN1908-Copy.jpg 640w\" sizes=\"(max-width: 300px) 100vw, 300px\" \/><\/a><\/p>\n<p style=\"text-align: center;\"><a href=\"http:\/\/www.schuetzen-hoengen.de\/wp-content\/uploads\/2016\/03\/DSCN1906-Copy.jpg\" data-rel=\"lightbox-image-7\" data-rl_title=\"\" data-rl_caption=\"\" title=\"\"><img loading=\"lazy\" decoding=\"async\" class=\"alignnone size-medium wp-image-8285\" src=\"http:\/\/www.schuetzen-hoengen.de\/wp-content\/uploads\/2016\/03\/DSCN1906-Copy-300x225.jpg\" alt=\"\" width=\"300\" height=\"225\" srcset=\"https:\/\/schuetzen-hoengen.de\/wp-content\/uploads\/2016\/03\/DSCN1906-Copy-300x225.jpg 300w, https:\/\/schuetzen-hoengen.de\/wp-content\/uploads\/2016\/03\/DSCN1906-Copy.jpg 640w\" sizes=\"(max-width: 300px) 100vw, 300px\" \/><\/a><\/p>\n<p style=\"text-align: center;\"><a href=\"http:\/\/www.schuetzen-hoengen.de\/wp-content\/uploads\/2016\/03\/CIMG1052-Copy.jpg\" data-rel=\"lightbox-image-8\" data-rl_title=\"\" data-rl_caption=\"\" title=\"\"><img loading=\"lazy\" decoding=\"async\" class=\"alignnone size-medium wp-image-8286\" src=\"http:\/\/www.schuetzen-hoengen.de\/wp-content\/uploads\/2016\/03\/CIMG1052-Copy-300x225.jpg\" alt=\"\" width=\"300\" height=\"225\" srcset=\"https:\/\/schuetzen-hoengen.de\/wp-content\/uploads\/2016\/03\/CIMG1052-Copy-300x225.jpg 300w, https:\/\/schuetzen-hoengen.de\/wp-content\/uploads\/2016\/03\/CIMG1052-Copy.jpg 640w\" sizes=\"(max-width: 300px) 100vw, 300px\" \/><\/a><\/p>\n<p style=\"text-align: center;\"><a href=\"http:\/\/www.schuetzen-hoengen.de\/wp-content\/uploads\/2016\/03\/CIMG1062-Copy.jpg\" data-rel=\"lightbox-image-9\" data-rl_title=\"\" data-rl_caption=\"\" title=\"\"><img loading=\"lazy\" decoding=\"async\" class=\"alignnone size-medium wp-image-8287\" src=\"http:\/\/www.schuetzen-hoengen.de\/wp-content\/uploads\/2016\/03\/CIMG1062-Copy-300x225.jpg\" alt=\"\" width=\"300\" height=\"225\" srcset=\"https:\/\/schuetzen-hoengen.de\/wp-content\/uploads\/2016\/03\/CIMG1062-Copy-300x225.jpg 300w, https:\/\/schuetzen-hoengen.de\/wp-content\/uploads\/2016\/03\/CIMG1062-Copy.jpg 640w\" sizes=\"(max-width: 300px) 100vw, 300px\" \/><\/a><\/p>\n<p>&nbsp;<\/p>\n<p>&nbsp;<\/p>\n<p style=\"text-align: center;\">\n","protected":false},"excerpt":{"rendered":"<p>Ostereierschiessen 2016 \u00a0Dorfmeister 2016\u00a0\u00a0 Tobias Conen 2. Frank K\u00fcsters\u00a0\u00a0 3. Paul Boumans mit Schie\u00dfmeister Karl-Heinz Welter &#8220;Herzlichen Gl\u00fcckwunsch&#8221; Impressionen vom Ostereierschiessen 2016 &nbsp; 1000 Eier hatte ich f\u00fcr Euch gef\u00e4rbt!!! Vielen Dank an alle Besucher. &nbsp; &nbsp;<\/p>\n","protected":false},"author":2,"featured_media":0,"parent":1789,"menu_order":0,"comment_status":"closed","ping_status":"closed","template":"","meta":{"footnotes":""},"_links":{"self":[{"href":"https:\/\/schuetzen-hoengen.de\/index.php\/wp-json\/wp\/v2\/pages\/2230"}],"collection":[{"href":"https:\/\/schuetzen-hoengen.de\/index.php\/wp-json\/wp\/v2\/pages"}],"about":[{"href":"https:\/\/schuetzen-hoengen.de\/index.php\/wp-json\/wp\/v2\/types\/page"}],"author":[{"embeddable":true,"href":"https:\/\/schuetzen-hoengen.de\/index.php\/wp-json\/wp\/v2\/users\/2"}],"replies":[{"embeddable":true,"href":"https:\/\/schuetzen-hoengen.de\/index.php\/wp-json\/wp\/v2\/comments?post=2230"}],"version-history":[{"count":26,"href":"https:\/\/schuetzen-hoengen.de\/index.php\/wp-json\/wp\/v2\/pages\/2230\/revisions"}],"predecessor-version":[{"id":11576,"href":"https:\/\/schuetzen-hoengen.de\/index.php\/wp-json\/wp\/v2\/pages\/2230\/revisions\/11576"}],"up":[{"embeddable":true,"href":"https:\/\/schuetzen-hoengen.de\/index.php\/wp-json\/wp\/v2\/pages\/1789"}],"wp:attachment":[{"href":"https:\/\/schuetzen-hoengen.de\/index.php\/wp-json\/wp\/v2\/media?parent=2230"}],"curies":[{"name":"wp","href":"https:\/\/api.w.org\/{rel}","templated":true}]}}