{"id":2421,"date":"2016-03-23T19:52:49","date_gmt":"2016-03-23T18:52:49","guid":{"rendered":"http:\/\/www.schuetzen-hoengen.de\/?page_id=2421"},"modified":"2017-01-19T17:45:30","modified_gmt":"2017-01-19T16:45:30","slug":"belgische-freundschaften","status":"publish","type":"page","link":"https:\/\/schuetzen-hoengen.de\/index.php\/historisches\/belgische-freundschaften\/","title":{"rendered":"Belgische &#8211; Niederl\u00e4ndische Freundschaften"},"content":{"rendered":"<p style=\"text-align: center;\"><a href=\"http:\/\/www.schuetzen-hoengen.de\/wp-content\/uploads\/2015\/11\/Erster-kontakt-mit-der-Federatie-der-Belgischen-Sch\u00fctzengilden221.jpg\" rel=\"attachment wp-att-2445\" data-rel=\"lightbox-image-0\" data-rl_title=\"\" data-rl_caption=\"\" title=\"\"><img loading=\"lazy\" decoding=\"async\" class=\"aligncenter wp-image-2445 size-large\" src=\"http:\/\/www.schuetzen-hoengen.de\/wp-content\/uploads\/2015\/11\/Erster-kontakt-mit-der-Federatie-der-Belgischen-Sch\u00fctzengilden221-724x1024.jpg\" alt=\"Erster kontakt mit der Federatie der Belgischen Sch\u00fctzengilden221\" width=\"474\" height=\"670\" \/><\/a><\/p>\n<p style=\"text-align: center;\"><a href=\"http:\/\/www.schuetzen-hoengen.de\/wp-content\/uploads\/2015\/04\/Unbenannt.jpg\" data-rel=\"lightbox-image-1\" data-rl_title=\"\" data-rl_caption=\"\" title=\"\"><img loading=\"lazy\" decoding=\"async\" class=\"alignnone size-full wp-image-6783\" src=\"http:\/\/www.schuetzen-hoengen.de\/wp-content\/uploads\/2015\/04\/Unbenannt.jpg\" alt=\"\" width=\"241\" height=\"219\" \/><\/a><\/p>\n<p style=\"text-align: center;\">Erster Kontakt mit der Federation der Belgischen Sch\u00fctzengilden<\/p>\n<p><a href=\"http:\/\/www.schuetzen-hoengen.de\/wp-content\/uploads\/2015\/04\/Antwerpen.jpg\" rel=\"attachment wp-att-1694\" data-rel=\"lightbox-image-2\" data-rl_title=\"\" data-rl_caption=\"\" title=\"\"><img loading=\"lazy\" decoding=\"async\" class=\" wp-image-1694 aligncenter\" src=\"http:\/\/www.schuetzen-hoengen.de\/wp-content\/uploads\/2015\/04\/Antwerpen-257x300.jpg\" alt=\"Antwerpen\" width=\"126\" height=\"147\" srcset=\"https:\/\/schuetzen-hoengen.de\/wp-content\/uploads\/2015\/04\/Antwerpen-257x300.jpg 257w, https:\/\/schuetzen-hoengen.de\/wp-content\/uploads\/2015\/04\/Antwerpen.jpg 570w\" sizes=\"(max-width: 126px) 100vw, 126px\" \/><\/a><\/p>\n<p>&nbsp;<\/p>\n<p>&nbsp;<\/p>\n<p>Demn\u00e4chst hier Bilder aus den zur\u00fcckliegenden Jahres &#8211; Infos und Bilder<\/p>\n","protected":false},"excerpt":{"rendered":"<p>Erster Kontakt mit der Federation der Belgischen Sch\u00fctzengilden &nbsp; &nbsp; Demn\u00e4chst hier Bilder aus den zur\u00fcckliegenden Jahres &#8211; Infos und Bilder<\/p>\n","protected":false},"author":2,"featured_media":0,"parent":42,"menu_order":0,"comment_status":"closed","ping_status":"closed","template":"","meta":{"footnotes":""},"_links":{"self":[{"href":"https:\/\/schuetzen-hoengen.de\/index.php\/wp-json\/wp\/v2\/pages\/2421"}],"collection":[{"href":"https:\/\/schuetzen-hoengen.de\/index.php\/wp-json\/wp\/v2\/pages"}],"about":[{"href":"https:\/\/schuetzen-hoengen.de\/index.php\/wp-json\/wp\/v2\/types\/page"}],"author":[{"embeddable":true,"href":"https:\/\/schuetzen-hoengen.de\/index.php\/wp-json\/wp\/v2\/users\/2"}],"replies":[{"embeddable":true,"href":"https:\/\/schuetzen-hoengen.de\/index.php\/wp-json\/wp\/v2\/comments?post=2421"}],"version-history":[{"count":9,"href":"https:\/\/schuetzen-hoengen.de\/index.php\/wp-json\/wp\/v2\/pages\/2421\/revisions"}],"predecessor-version":[{"id":6798,"href":"https:\/\/schuetzen-hoengen.de\/index.php\/wp-json\/wp\/v2\/pages\/2421\/revisions\/6798"}],"up":[{"embeddable":true,"href":"https:\/\/schuetzen-hoengen.de\/index.php\/wp-json\/wp\/v2\/pages\/42"}],"wp:attachment":[{"href":"https:\/\/schuetzen-hoengen.de\/index.php\/wp-json\/wp\/v2\/media?parent=2421"}],"curies":[{"name":"wp","href":"https:\/\/api.w.org\/{rel}","templated":true}]}}