{"id":2570,"date":"2016-04-09T16:05:51","date_gmt":"2016-04-09T14:05:51","guid":{"rendered":"http:\/\/www.schuetzen-hoengen.de\/?page_id=2570"},"modified":"2017-04-10T22:13:27","modified_gmt":"2017-04-10T20:13:27","slug":"schuetzenfest-2015","status":"publish","type":"page","link":"https:\/\/schuetzen-hoengen.de\/index.php\/fotogalerie\/schuetzenfest-2015\/","title":{"rendered":"2 Sch\u00fctzenfest Vorbereitungen"},"content":{"rendered":"<h5 style=\"text-align: center;\"><\/h5>\n<h4 style=\"text-align: center;\"><span style=\"color: #000000;\"><em>Sch\u00fctzenfest 2015<\/em><\/span><\/h4>\n<h4 style=\"text-align: center;\"><em>das Sch\u00f6nste, was das Sch\u00fctzenfest zu bieten hatt<\/em><span style=\"color: #008000;\"><em>e!!!<\/em><\/span><\/h4>\n<p>&nbsp;<\/p>\n<p><a href=\"http:\/\/www.schuetzen-hoengen.de\/wp-content\/uploads\/2016\/04\/Ehrendamen-mit-K\u00f6nigin-neu.jpg\" data-rel=\"lightbox-image-0\" data-rl_title=\"\" data-rl_caption=\"\" title=\"\"><img loading=\"lazy\" decoding=\"async\" class=\"aligncenter wp-image-6571 size-large\" src=\"http:\/\/www.schuetzen-hoengen.de\/wp-content\/uploads\/2016\/04\/Ehrendamen-mit-K\u00f6nigin-neu-1024x598.jpg\" alt=\"ehrendamen-mit-koenigin-neu\" width=\"474\" height=\"277\" srcset=\"https:\/\/schuetzen-hoengen.de\/wp-content\/uploads\/2016\/04\/Ehrendamen-mit-K\u00f6nigin-neu-1024x598.jpg 1024w, https:\/\/schuetzen-hoengen.de\/wp-content\/uploads\/2016\/04\/Ehrendamen-mit-K\u00f6nigin-neu-300x175.jpg 300w, https:\/\/schuetzen-hoengen.de\/wp-content\/uploads\/2016\/04\/Ehrendamen-mit-K\u00f6nigin-neu-768x449.jpg 768w, https:\/\/schuetzen-hoengen.de\/wp-content\/uploads\/2016\/04\/Ehrendamen-mit-K\u00f6nigin-neu.jpg 1077w\" sizes=\"(max-width: 474px) 100vw, 474px\" \/><\/a><\/p>\n<p style=\"text-align: center;\">zur Vergr\u00f6\u00dferung Bild anklicken<\/p>\n<h5 style=\"text-align: center;\">K\u00f6nigin Mia Hensgens umrahmt von den Ehrendamen:<br \/>\nKatrin Trepels, Maren Arets, Andrea Houben, Jana Basten,<br \/>\nJulia Conen und Stefanie Houben<\/h5>\n<h5>Dank an Brit Meuwissen, Kira Jansen, Anita und Ger<br \/>\nHanssen, Arne Jansen sowie Berthold Conen, die mit<br \/>\nihrer Kamera das Sch\u00fctzenfest im Bild festgehalten<br \/>\nhaben.<\/h5>\n<p><a href=\"http:\/\/www.schuetzen-hoengen.de\/wp-content\/uploads\/2016\/04\/Festprogramm-\u00fcberarbeitet2015.jpg\" data-rel=\"lightbox-image-1\" data-rl_title=\"\" data-rl_caption=\"\" title=\"\"><img loading=\"lazy\" decoding=\"async\" class=\"size-full wp-image-6334 aligncenter\" src=\"http:\/\/www.schuetzen-hoengen.de\/wp-content\/uploads\/2015\/04\/kamerat-1.jpg\" alt=\"kamerat\" width=\"241\" height=\"212\" \/><\/a><a href=\"http:\/\/www.schuetzen-hoengen.de\/wp-content\/uploads\/2016\/04\/Festprogramm-\u00fcberarbeitet2015.jpg\" data-rel=\"lightbox-image-2\" data-rl_title=\"\" data-rl_caption=\"\" title=\"\"><img loading=\"lazy\" decoding=\"async\" class=\"wp-image-5257 size-full alignnone\" src=\"http:\/\/www.schuetzen-hoengen.de\/wp-content\/uploads\/2016\/04\/Festprogramm-\u00fcberarbeitet2015.jpg\" alt=\"festprogramm-ueberarbeitet2015\" width=\"1240\" height=\"1754\" srcset=\"https:\/\/schuetzen-hoengen.de\/wp-content\/uploads\/2016\/04\/Festprogramm-\u00fcberarbeitet2015.jpg 1240w, https:\/\/schuetzen-hoengen.de\/wp-content\/uploads\/2016\/04\/Festprogramm-\u00fcberarbeitet2015-212x300.jpg 212w, https:\/\/schuetzen-hoengen.de\/wp-content\/uploads\/2016\/04\/Festprogramm-\u00fcberarbeitet2015-768x1086.jpg 768w, https:\/\/schuetzen-hoengen.de\/wp-content\/uploads\/2016\/04\/Festprogramm-\u00fcberarbeitet2015-724x1024.jpg 724w\" sizes=\"(max-width: 1240px) 100vw, 1240px\" \/><\/a><\/p>\n<p><a href=\"http:\/\/www.schuetzen-hoengen.de\/wp-content\/uploads\/2016\/04\/Vorbericht-Sch\u00fctzenfest-teil1.jpg\" data-rel=\"lightbox-image-3\" data-rl_title=\"\" data-rl_caption=\"\" title=\"\"><img loading=\"lazy\" decoding=\"async\" class=\"wp-image-6505 size-full aligncenter\" src=\"http:\/\/www.schuetzen-hoengen.de\/wp-content\/uploads\/2016\/04\/Vorbericht-Sch\u00fctzenfest-teil1.jpg\" alt=\"vorbericht-schuetzenfest-teil1\" width=\"453\" height=\"687\" srcset=\"https:\/\/schuetzen-hoengen.de\/wp-content\/uploads\/2016\/04\/Vorbericht-Sch\u00fctzenfest-teil1.jpg 453w, https:\/\/schuetzen-hoengen.de\/wp-content\/uploads\/2016\/04\/Vorbericht-Sch\u00fctzenfest-teil1-198x300.jpg 198w\" sizes=\"(max-width: 453px) 100vw, 453px\" \/><\/a><\/p>\n<p><a href=\"http:\/\/www.schuetzen-hoengen.de\/wp-content\/uploads\/2016\/04\/Vorbericht-sch\u00fctzenfest-teil2.jpg\" data-rel=\"lightbox-image-4\" data-rl_title=\"\" data-rl_caption=\"\" title=\"\"><img loading=\"lazy\" decoding=\"async\" class=\"wp-image-6506 size-full aligncenter\" src=\"http:\/\/www.schuetzen-hoengen.de\/wp-content\/uploads\/2016\/04\/Vorbericht-sch\u00fctzenfest-teil2.jpg\" alt=\"vorbericht-schuetzenfest-teil2\" width=\"453\" height=\"226\" srcset=\"https:\/\/schuetzen-hoengen.de\/wp-content\/uploads\/2016\/04\/Vorbericht-sch\u00fctzenfest-teil2.jpg 453w, https:\/\/schuetzen-hoengen.de\/wp-content\/uploads\/2016\/04\/Vorbericht-sch\u00fctzenfest-teil2-300x150.jpg 300w, https:\/\/schuetzen-hoengen.de\/wp-content\/uploads\/2016\/04\/Vorbericht-sch\u00fctzenfest-teil2-450x226.jpg 450w\" sizes=\"(max-width: 453px) 100vw, 453px\" \/><\/a><\/p>\n<p><a href=\"http:\/\/www.schuetzen-hoengen.de\/wp-content\/uploads\/2016\/04\/Einladung_Ehemalige-Copy-1.jpg\" data-rel=\"lightbox-image-5\" data-rl_title=\"\" data-rl_caption=\"\" title=\"\"><img loading=\"lazy\" decoding=\"async\" class=\"alignnone wp-image-7764 size-full\" src=\"http:\/\/www.schuetzen-hoengen.de\/wp-content\/uploads\/2016\/04\/Einladung_Ehemalige-Copy-1.jpg\" width=\"621\" height=\"900\" srcset=\"https:\/\/schuetzen-hoengen.de\/wp-content\/uploads\/2016\/04\/Einladung_Ehemalige-Copy-1.jpg 621w, https:\/\/schuetzen-hoengen.de\/wp-content\/uploads\/2016\/04\/Einladung_Ehemalige-Copy-1-207x300.jpg 207w\" sizes=\"(max-width: 621px) 100vw, 621px\" \/><\/a><\/p>\n<p><a href=\"http:\/\/www.schuetzen-hoengen.de\/wp-content\/uploads\/2016\/04\/Einladungen_Gastvereinet-Copy-1.jpg\" data-rel=\"lightbox-image-6\" data-rl_title=\"\" data-rl_caption=\"\" title=\"\"><img loading=\"lazy\" decoding=\"async\" class=\"alignnone wp-image-5643 size-full\" src=\"http:\/\/www.schuetzen-hoengen.de\/wp-content\/uploads\/2016\/04\/Einladungen_Gastvereinet-Copy-1.jpg\" alt=\"einladungen_gastvereinet-copy\" width=\"467\" height=\"600\" srcset=\"https:\/\/schuetzen-hoengen.de\/wp-content\/uploads\/2016\/04\/Einladungen_Gastvereinet-Copy-1.jpg 467w, https:\/\/schuetzen-hoengen.de\/wp-content\/uploads\/2016\/04\/Einladungen_Gastvereinet-Copy-1-234x300.jpg 234w\" sizes=\"(max-width: 467px) 100vw, 467px\" \/><\/a><\/p>\n<p>&nbsp;<\/p>\n<p><a href=\"http:\/\/www.schuetzen-hoengen.de\/wp-content\/uploads\/2016\/04\/Reihenfolge_Aufzug.jpg\" data-rel=\"lightbox-image-7\" data-rl_title=\"\" data-rl_caption=\"\" title=\"\"><img loading=\"lazy\" decoding=\"async\" class=\"wp-image-6178 size-full aligncenter\" src=\"http:\/\/www.schuetzen-hoengen.de\/wp-content\/uploads\/2016\/04\/Reihenfolge_Aufzug.jpg\" alt=\"reihenfolge_aufzug\" width=\"532\" height=\"710\" srcset=\"https:\/\/schuetzen-hoengen.de\/wp-content\/uploads\/2016\/04\/Reihenfolge_Aufzug.jpg 532w, https:\/\/schuetzen-hoengen.de\/wp-content\/uploads\/2016\/04\/Reihenfolge_Aufzug-225x300.jpg 225w\" sizes=\"(max-width: 532px) 100vw, 532px\" \/><\/a><\/p>\n<p><a href=\"http:\/\/www.schuetzen-hoengen.de\/wp-content\/uploads\/2016\/04\/Anfahtsskizze-Sch\u00fctzenfest_2015-Copy-1.jpg\" data-rel=\"lightbox-image-8\" data-rl_title=\"\" data-rl_caption=\"\" title=\"\"><img loading=\"lazy\" decoding=\"async\" class=\"alignnone wp-image-7763 size-full\" src=\"http:\/\/www.schuetzen-hoengen.de\/wp-content\/uploads\/2016\/04\/Anfahtsskizze-Sch\u00fctzenfest_2015-Copy-1.jpg\" width=\"619\" height=\"900\" srcset=\"https:\/\/schuetzen-hoengen.de\/wp-content\/uploads\/2016\/04\/Anfahtsskizze-Sch\u00fctzenfest_2015-Copy-1.jpg 619w, https:\/\/schuetzen-hoengen.de\/wp-content\/uploads\/2016\/04\/Anfahtsskizze-Sch\u00fctzenfest_2015-Copy-1-206x300.jpg 206w\" sizes=\"(max-width: 619px) 100vw, 619px\" \/><\/a><\/p>\n<p>&nbsp;<\/p>\n<p>&nbsp;<\/p>\n<p>&nbsp;<\/p>\n<p>&nbsp;<\/p>\n<p>&nbsp;<\/p>\n<p>&nbsp;<\/p>\n<p>&nbsp;<\/p>\n<p>&nbsp;<\/p>\n","protected":false},"excerpt":{"rendered":"<p>Sch\u00fctzenfest 2015 das Sch\u00f6nste, was das Sch\u00fctzenfest zu bieten hatte!!! &nbsp; zur Vergr\u00f6\u00dferung Bild anklicken K\u00f6nigin Mia Hensgens umrahmt von den Ehrendamen: Katrin Trepels, Maren Arets, Andrea Houben, Jana Basten, Julia Conen und Stefanie Houben Dank an Brit Meuwissen, Kira Jansen, Anita und Ger Hanssen, Arne Jansen sowie Berthold Conen, die mit ihrer Kamera das &hellip; <a href=\"https:\/\/schuetzen-hoengen.de\/index.php\/fotogalerie\/schuetzenfest-2015\/\" class=\"more-link\"><span class=\"screen-reader-text\">2 Sch\u00fctzenfest Vorbereitungen<\/span> weiterlesen <span class=\"meta-nav\">&rarr;<\/span><\/a><\/p>\n","protected":false},"author":2,"featured_media":0,"parent":93,"menu_order":0,"comment_status":"closed","ping_status":"closed","template":"","meta":{"footnotes":""},"_links":{"self":[{"href":"https:\/\/schuetzen-hoengen.de\/index.php\/wp-json\/wp\/v2\/pages\/2570"}],"collection":[{"href":"https:\/\/schuetzen-hoengen.de\/index.php\/wp-json\/wp\/v2\/pages"}],"about":[{"href":"https:\/\/schuetzen-hoengen.de\/index.php\/wp-json\/wp\/v2\/types\/page"}],"author":[{"embeddable":true,"href":"https:\/\/schuetzen-hoengen.de\/index.php\/wp-json\/wp\/v2\/users\/2"}],"replies":[{"embeddable":true,"href":"https:\/\/schuetzen-hoengen.de\/index.php\/wp-json\/wp\/v2\/comments?post=2570"}],"version-history":[{"count":33,"href":"https:\/\/schuetzen-hoengen.de\/index.php\/wp-json\/wp\/v2\/pages\/2570\/revisions"}],"predecessor-version":[{"id":8304,"href":"https:\/\/schuetzen-hoengen.de\/index.php\/wp-json\/wp\/v2\/pages\/2570\/revisions\/8304"}],"up":[{"embeddable":true,"href":"https:\/\/schuetzen-hoengen.de\/index.php\/wp-json\/wp\/v2\/pages\/93"}],"wp:attachment":[{"href":"https:\/\/schuetzen-hoengen.de\/index.php\/wp-json\/wp\/v2\/media?parent=2570"}],"curies":[{"name":"wp","href":"https:\/\/api.w.org\/{rel}","templated":true}]}}

2 Schützenfest Vorbereitungen

<h5 style="text-align: center;"></h5>
<h4 style="text-align: center;"><span style="color: #000000;"><em>Schützenfest 2015</em></span></h4>
<h4 style="text-align: center;"><em>das Schönste, was das Schützenfest zu bieten hatt</em><span style="color: #008000;"><em>e!!!</em></span></h4>
<p>&nbsp;</p>
<p><a href="http://www.schuetzen-hoengen.de/wp-content/uploads/2016/04/Ehrendamen-mit-Königin-neu.jpg" data-rel="lightbox-image-0" data-rl_title="" data-rl_caption="" title=""><img loading="lazy" decoding="async" class="aligncenter wp-image-6571 size-large" src="http://www.schuetzen-hoengen.de/wp-content/uploads/2016/04/Ehrendamen-mit-Königin-neu-1024x598.jpg" alt="ehrendamen-mit-koenigin-neu" width="474" height="277" srcset="https://schuetzen-hoengen.de/wp-content/uploads/2016/04/Ehrendamen-mit-Königin-neu-1024x598.jpg 1024w, https://schuetzen-hoengen.de/wp-content/uploads/2016/04/Ehrendamen-mit-Königin-neu-300x175.jpg 300w, https://schuetzen-hoengen.de/wp-content/uploads/2016/04/Ehrendamen-mit-Königin-neu-768x449.jpg 768w, https://schuetzen-hoengen.de/wp-content/uploads/2016/04/Ehrendamen-mit-Königin-neu.jpg 1077w" sizes="(max-width: 474px) 100vw, 474px" /></a></p>
<p style="text-align: center;">zur Vergrößerung Bild anklicken</p>
<h5 style="text-align: center;">Königin Mia Hensgens umrahmt von den Ehrendamen:<br />
Katrin Trepels, Maren Arets, Andrea Houben, Jana Basten,<br />
Julia Conen und Stefanie Houben</h5>
<h5>Dank an Brit Meuwissen, Kira Jansen, Anita und Ger<br />
Hanssen, Arne Jansen sowie Berthold Conen, die mit<br />
ihrer Kamera das Schützenfest im Bild festgehalten<br />
haben.</h5>
<p><a href="http://www.schuetzen-hoengen.de/wp-content/uploads/2016/04/Festprogramm-überarbeitet2015.jpg" data-rel="lightbox-image-1" data-rl_title="" data-rl_caption="" title=""><img loading="lazy" decoding="async" class="size-full wp-image-6334 aligncenter" src="http://www.schuetzen-hoengen.de/wp-content/uploads/2015/04/kamerat-1.jpg" alt="kamerat" width="241" height="212" /></a><a href="http://www.schuetzen-hoengen.de/wp-content/uploads/2016/04/Festprogramm-überarbeitet2015.jpg" data-rel="lightbox-image-2" data-rl_title="" data-rl_caption="" title=""><img loading="lazy" decoding="async" class="wp-image-5257 size-full alignnone" src="http://www.schuetzen-hoengen.de/wp-content/uploads/2016/04/Festprogramm-überarbeitet2015.jpg" alt="festprogramm-ueberarbeitet2015" width="1240" height="1754" srcset="https://schuetzen-hoengen.de/wp-content/uploads/2016/04/Festprogramm-überarbeitet2015.jpg 1240w, https://schuetzen-hoengen.de/wp-content/uploads/2016/04/Festprogramm-überarbeitet2015-212x300.jpg 212w, https://schuetzen-hoengen.de/wp-content/uploads/2016/04/Festprogramm-überarbeitet2015-768x1086.jpg 768w, https://schuetzen-hoengen.de/wp-content/uploads/2016/04/Festprogramm-überarbeitet2015-724x1024.jpg 724w" sizes="(max-width: 1240px) 100vw, 1240px" /></a></p>
<p><a href="http://www.schuetzen-hoengen.de/wp-content/uploads/2016/04/Vorbericht-Schützenfest-teil1.jpg" data-rel="lightbox-image-3" data-rl_title="" data-rl_caption="" title=""><img loading="lazy" decoding="async" class="wp-image-6505 size-full aligncenter" src="http://www.schuetzen-hoengen.de/wp-content/uploads/2016/04/Vorbericht-Schützenfest-teil1.jpg" alt="vorbericht-schuetzenfest-teil1" width="453" height="687" srcset="https://schuetzen-hoengen.de/wp-content/uploads/2016/04/Vorbericht-Schützenfest-teil1.jpg 453w, https://schuetzen-hoengen.de/wp-content/uploads/2016/04/Vorbericht-Schützenfest-teil1-198x300.jpg 198w" sizes="(max-width: 453px) 100vw, 453px" /></a></p>
<p><a href="http://www.schuetzen-hoengen.de/wp-content/uploads/2016/04/Vorbericht-schützenfest-teil2.jpg" data-rel="lightbox-image-4" data-rl_title="" data-rl_caption="" title=""><img loading="lazy" decoding="async" class="wp-image-6506 size-full aligncenter" src="http://www.schuetzen-hoengen.de/wp-content/uploads/2016/04/Vorbericht-schützenfest-teil2.jpg" alt="vorbericht-schuetzenfest-teil2" width="453" height="226" srcset="https://schuetzen-hoengen.de/wp-content/uploads/2016/04/Vorbericht-schützenfest-teil2.jpg 453w, https://schuetzen-hoengen.de/wp-content/uploads/2016/04/Vorbericht-schützenfest-teil2-300x150.jpg 300w, https://schuetzen-hoengen.de/wp-content/uploads/2016/04/Vorbericht-schützenfest-teil2-450x226.jpg 450w" sizes="(max-width: 453px) 100vw, 453px" /></a></p>
<p><a href="http://www.schuetzen-hoengen.de/wp-content/uploads/2016/04/Einladung_Ehemalige-Copy-1.jpg" data-rel="lightbox-image-5" data-rl_title="" data-rl_caption="" title=""><img loading="lazy" decoding="async" class="alignnone wp-image-7764 size-full" src="http://www.schuetzen-hoengen.de/wp-content/uploads/2016/04/Einladung_Ehemalige-Copy-1.jpg" width="621" height="900" srcset="https://schuetzen-hoengen.de/wp-content/uploads/2016/04/Einladung_Ehemalige-Copy-1.jpg 621w, https://schuetzen-hoengen.de/wp-content/uploads/2016/04/Einladung_Ehemalige-Copy-1-207x300.jpg 207w" sizes="(max-width: 621px) 100vw, 621px" /></a></p>
<p><a href="http://www.schuetzen-hoengen.de/wp-content/uploads/2016/04/Einladungen_Gastvereinet-Copy-1.jpg" data-rel="lightbox-image-6" data-rl_title="" data-rl_caption="" title=""><img loading="lazy" decoding="async" class="alignnone wp-image-5643 size-full" src="http://www.schuetzen-hoengen.de/wp-content/uploads/2016/04/Einladungen_Gastvereinet-Copy-1.jpg" alt="einladungen_gastvereinet-copy" width="467" height="600" srcset="https://schuetzen-hoengen.de/wp-content/uploads/2016/04/Einladungen_Gastvereinet-Copy-1.jpg 467w, https://schuetzen-hoengen.de/wp-content/uploads/2016/04/Einladungen_Gastvereinet-Copy-1-234x300.jpg 234w" sizes="(max-width: 467px) 100vw, 467px" /></a></p>
<p>&nbsp;</p>
<p><a href="http://www.schuetzen-hoengen.de/wp-content/uploads/2016/04/Reihenfolge_Aufzug.jpg" data-rel="lightbox-image-7" data-rl_title="" data-rl_caption="" title=""><img loading="lazy" decoding="async" class="wp-image-6178 size-full aligncenter" src="http://www.schuetzen-hoengen.de/wp-content/uploads/2016/04/Reihenfolge_Aufzug.jpg" alt="reihenfolge_aufzug" width="532" height="710" srcset="https://schuetzen-hoengen.de/wp-content/uploads/2016/04/Reihenfolge_Aufzug.jpg 532w, https://schuetzen-hoengen.de/wp-content/uploads/2016/04/Reihenfolge_Aufzug-225x300.jpg 225w" sizes="(max-width: 532px) 100vw, 532px" /></a></p>
<p><a href="http://www.schuetzen-hoengen.de/wp-content/uploads/2016/04/Anfahtsskizze-Schützenfest_2015-Copy-1.jpg" data-rel="lightbox-image-8" data-rl_title="" data-rl_caption="" title=""><img loading="lazy" decoding="async" class="alignnone wp-image-7763 size-full" src="http://www.schuetzen-hoengen.de/wp-content/uploads/2016/04/Anfahtsskizze-Schützenfest_2015-Copy-1.jpg" width="619" height="900" srcset="https://schuetzen-hoengen.de/wp-content/uploads/2016/04/Anfahtsskizze-Schützenfest_2015-Copy-1.jpg 619w, https://schuetzen-hoengen.de/wp-content/uploads/2016/04/Anfahtsskizze-Schützenfest_2015-Copy-1-206x300.jpg 206w" sizes="(max-width: 619px) 100vw, 619px" /></a></p>
<p>&nbsp;</p>
<p>&nbsp;</p>
<p>&nbsp;</p>
<p>&nbsp;</p>
<p>&nbsp;</p>
<p>&nbsp;</p>
<p>&nbsp;</p>
<p>&nbsp;</p>

<p>Schützenfest 2015 das Schönste, was das Schützenfest zu bieten hatte!!! &nbsp; zur Vergrößerung Bild anklicken Königin Mia Hensgens umrahmt von den Ehrendamen: Katrin Trepels, Maren Arets, Andrea Houben, Jana Basten, Julia Conen und Stefanie Houben Dank an Brit Meuwissen, Kira Jansen, Anita und Ger Hanssen, Arne Jansen sowie Berthold Conen, die mit ihrer Kamera das &hellip; <a href="https://schuetzen-hoengen.de/index.php/fotogalerie/schuetzenfest-2015/" class="more-link"><span class="screen-reader-text">2 Schützenfest Vorbereitungen</span> weiterlesen <span class="meta-nav">&rarr;</span></a></p>
