{"id":820,"date":"2015-11-21T10:20:59","date_gmt":"2015-11-21T09:20:59","guid":{"rendered":"http:\/\/www.schuetzen-hoengen.de\/?page_id=820"},"modified":"2017-01-01T19:01:34","modified_gmt":"2017-01-01T18:01:34","slug":"bau-schuetzenhalle","status":"publish","type":"page","link":"https:\/\/schuetzen-hoengen.de\/index.php\/historisches\/bau-schuetzenhalle\/","title":{"rendered":"Bau Sch\u00fctzenhalle &#8211; Vermietung"},"content":{"rendered":"<h3 style=\"text-align: center;\"><span style=\"color: #008000;\">Sint Jan ist der Taufpate<\/span><\/h3>\n<p><a href=\"http:\/\/www.schuetzen-hoengen.de\/wp-content\/uploads\/2015\/11\/Unbenannt1.png\" data-rel=\"lightbox-image-0\" data-rl_title=\"\" data-rl_caption=\"\" title=\"\"><img loading=\"lazy\" decoding=\"async\" class=\"wp-image-1384 aligncenter\" src=\"http:\/\/www.schuetzen-hoengen.de\/wp-content\/uploads\/2015\/11\/Unbenannt1-214x300.png\" alt=\"Unbenannt\" width=\"108\" height=\"152\" srcset=\"https:\/\/schuetzen-hoengen.de\/wp-content\/uploads\/2015\/11\/Unbenannt1-214x300.png 214w, https:\/\/schuetzen-hoengen.de\/wp-content\/uploads\/2015\/11\/Unbenannt1.png 321w\" sizes=\"(max-width: 108px) 100vw, 108px\" \/><\/a><\/p>\n<h5 style=\"text-align: center;\">H\u00f6ngener Sch\u00fctzen bauen Sch\u00fctzenhalle in Eigenleistung<\/h5>\n<p>&nbsp;<\/p>\n<p><a href=\"http:\/\/www.schuetzen-hoengen.de\/wp-content\/uploads\/2015\/04\/Sch\u00fctzenhalle.jpg\" data-rel=\"lightbox-image-1\" data-rl_title=\"\" data-rl_caption=\"\" title=\"\"><img loading=\"lazy\" decoding=\"async\" class=\"size-medium wp-image-6496 aligncenter\" src=\"http:\/\/www.schuetzen-hoengen.de\/wp-content\/uploads\/2015\/04\/Sch\u00fctzenhalle-300x129.jpg\" alt=\"schuetzenhalle\" width=\"300\" height=\"129\" \/><\/a><\/p>\n<p><strong>Einweihung mit einem Festabend<\/strong><br \/>\nAm 18. Oktober 1997 war es endlich so weit: Ein f\u00fcr den Ort H\u00f6ngen beispielhaftes Bauprojekt wurde fertiggestellt. Die Sankt Johannes Baptist Sch\u00fctzenbruderschaft feierte die Einweihung ihrer neuen Sch\u00fctzenhalle. Pr\u00e4sident Hans Jan\u00dfen konnte w\u00e4hrend des Festaktes alle Ortsvereine und viele G\u00e4ste begr\u00fc\u00dfen.<br \/>\nBei der Schl\u00fcssel\u00fcbergabe durch den Architekten Kurt Nysten, der Planung und Bauaufsicht ehrenamtlich \u00fcbernommen hatte, stellte Jan\u00dfen heraus: <strong>\u201eDer Bau ist eine bravour\u00f6se Leistung unserer Mitglieder, die man nicht hoch genug bewerten kann.\u201c<\/strong> B\u00fcrgermeister Willi Otten w\u00fcrdigte in seiner Ansprache die Leistung des gesamten Ortes, als er sagte, dass man \u201estolz darauf sein kann, wie viele ehrenamtliche Helfer f\u00fcr die Sache der Bruderschaft eingestanden haben.\u201c<\/p>\n<p style=\"text-align: center;\"><a href=\"http:\/\/www.schuetzen-hoengen.de\/wp-content\/uploads\/2015\/11\/S.-35-Copy.jpg\" data-rel=\"lightbox-image-2\" data-rl_title=\"\" data-rl_caption=\"\" title=\"\"><img loading=\"lazy\" decoding=\"async\" class=\"alignnone size-medium wp-image-5353\" src=\"http:\/\/www.schuetzen-hoengen.de\/wp-content\/uploads\/2015\/11\/S.-35-Copy-300x206.jpg\" alt=\"s-35-copy\" width=\"300\" height=\"206\" srcset=\"https:\/\/schuetzen-hoengen.de\/wp-content\/uploads\/2015\/11\/S.-35-Copy-300x206.jpg 300w, https:\/\/schuetzen-hoengen.de\/wp-content\/uploads\/2015\/11\/S.-35-Copy-768x526.jpg 768w, https:\/\/schuetzen-hoengen.de\/wp-content\/uploads\/2015\/11\/S.-35-Copy.jpg 800w\" sizes=\"(max-width: 300px) 100vw, 300px\" \/><\/a><\/p>\n<p>H\u00f6hepunkt dieses Festabends war die Einsegnung der <strong>auf den Namen \u201eSint Jan\u201c getauften Sch\u00fctzenhalle<\/strong> durch den Pr\u00e4ses der Bruderschaft, Pastor Roland Bohnen, umrahmt von den Ges\u00e4ngen des Kirchenchores St. C\u00e4cilia. Nach dem Fr\u00fchschoppen am Sonntag lud die Cafeteria zu gem\u00fctlichem Plausch bei Kaffee und Kuchen ein. Alle Besucher konnten die Sch\u00fctzenhalle mit den Nebenr\u00e4umen besichtigen.<\/p>\n<p><strong>Wie alles begann:<\/strong><br \/>\nDie Geschichte der \u201eSint Jan\u201c Sch\u00fctzenhalle begann im Jahre 1990. Auf der Generalversammlung beschloss die Bruderschaft den Bau eines Schie\u00dfstandes, weil man erkannt hatte, dass das immer st\u00e4rkere Interesse der Jugend am Schie\u00dfsport f\u00fcr den <strong>Fortbestand der Bruderschaft wichtig war.<\/strong><br \/>\nDoch wo einen geeigneten Standort finden und wie ein solches Gro\u00dfprojekt finanzieren? Die Sch\u00fctzen wollten durch R\u00fccklagen aus ihren Festveranstaltungen ein Standbein bilden. Dar\u00fcber hinaus sammelten sie noch brauchbares Baumaterial . So konnten im Rahmen des Neubaues des Alten- und Pflegeheimes St. Josef viele Materialien und Einrichtungsgegenst\u00e4nde \u00fcbernommen werden. Als Gegenleistung halfen die Sch\u00fctzen bei der Erstellung des Fundamentes f\u00fcr die neue Trafostation und beim Pflastern des Innenhofes. In\u00a0Grotenrath wurde man f\u00fcndig bei der Suche nach einer Theke und Mobiliar f\u00fcr die Gaststube. Durch die Arbeiten im Zuge der Neugestaltung des Dorfplatzes H\u00f6ngen ergab sich in Absprache mit der Gemeinde und in Zusammenarbeit mit den politischen Gremien die g\u00fcnstige Gelegenheit, die Sch\u00fctzenhalle neben der Turnhalle errichten zu k\u00f6nnen.<\/p>\n<p><strong>Staffellauf \u2013\u00a0 die Finanzierung:<\/strong><br \/>\nGut ein Jahr dauerte der Staffellauf durch die Beh\u00f6rden bis zur Baugenehmigung. Mit der Finanzierung war man inzwischen ein gutes St\u00fcck weiter gekommen. Die Sankt Josef Sch\u00fctzenbruderschaft aus Hastenrath und die St. Sebastianus Sch\u00fctzenbr\u00fcder aus Saeffelen hatten sich entschieden, den Stand in H\u00f6ngen f\u00fcr ihre Wettk\u00e4mpfe zu nutzen. Diese hohe Auslastung war mitbestimmend f\u00fcr die Zuweisung der beantragten F\u00f6rdergelder f\u00fcr Sportst\u00e4ttenbau. Die Entscheidung der Bezirksregierung war der Lohn f\u00fcr die hervorragende Arbeit, die Schie\u00dfmeister Gottfried Engendahl und Sch\u00fctzenmeister Bertold Conen im Vorfeld geleistet hatten. Doch alle Planungen w\u00e4ren trotz des Zuschusses null und nichtig gewesen, h\u00e4tten nicht gro\u00dfe Teile der H\u00f6ngener Bev\u00f6lkerung die gute Sache unterst\u00fctzt: Viele Spenden wurden geleistet. Die Vorstandsmitglieder stellten teilweise beachtliche Betr\u00e4ge zinslos zur Verf\u00fcgung. Und dann: <strong>\u201eEin Verein packt an!\u201c<\/strong> Im Mai 1996 begannen die Erdarbeiten.<\/p>\n<p><strong>Die Bauphase:<\/strong><br \/>\nIm November war die Halle unter Dach und Fach. W\u00e4hrend der Wintermonate wurde der Innenausbau vorangetrieben.<strong> Dabei wurden H\u00f6hen und Tiefen durchschritten \u2013 wie wohl bei jedem Bauvorhaben.<\/strong> Immer wieder vorangetrieben und getragen wurde das Ganze durch die vielen ehrenamtlichen Helfer. Da war z.B. die Maurerkolonne, die sich spontan bereit erkl\u00e4rt hatte mit<\/p>\n<p>anzupacken und in knapp f\u00fcnf Wochen rund 400 Quadratmeter Innenmauern und die Front der Sch\u00fctzenhalle verklinkerte.<strong> Dank hier an Franz Ohlenforst, Franz Dahlmanns, Willi Laugs, Heinrich Otten, Heinrich Hagmanns, Rainer Bronneberg, Karl-Heinz K\u00fcsters, Heinrich Klassen und Peter Scheufens.<\/strong>( Letzterer sorgte daf\u00fcr, dass die Arbeit nicht ausging und auch die Geselligkeit nicht zu kurz kam.)<\/p>\n<p><a href=\"http:\/\/www.schuetzen-hoengen.de\/wp-content\/uploads\/2015\/11\/S.-37-Copy.jpg\" data-rel=\"lightbox-image-3\" data-rl_title=\"\" data-rl_caption=\"\" title=\"\"><img loading=\"lazy\" decoding=\"async\" class=\"alignnone size-medium wp-image-5359 aligncenter\" src=\"http:\/\/www.schuetzen-hoengen.de\/wp-content\/uploads\/2015\/11\/S.-37-Copy-206x300.jpg\" alt=\"s-37-copy\" width=\"206\" height=\"300\" srcset=\"https:\/\/schuetzen-hoengen.de\/wp-content\/uploads\/2015\/11\/S.-37-Copy-206x300.jpg 206w, https:\/\/schuetzen-hoengen.de\/wp-content\/uploads\/2015\/11\/S.-37-Copy.jpg 411w\" sizes=\"(max-width: 206px) 100vw, 206px\" \/><\/a><\/p>\n<p style=\"text-align: center;\"><a href=\"http:\/\/www.schuetzen-hoengen.de\/wp-content\/uploads\/2015\/11\/S.-36-Copy.jpg\" data-rel=\"lightbox-image-4\" data-rl_title=\"\" data-rl_caption=\"\" title=\"\"><img loading=\"lazy\" decoding=\"async\" class=\"alignnone size-medium wp-image-5354\" src=\"http:\/\/www.schuetzen-hoengen.de\/wp-content\/uploads\/2015\/11\/S.-36-Copy-300x203.jpg\" alt=\"s-36-copy\" width=\"300\" height=\"203\" srcset=\"https:\/\/schuetzen-hoengen.de\/wp-content\/uploads\/2015\/11\/S.-36-Copy-300x203.jpg 300w, https:\/\/schuetzen-hoengen.de\/wp-content\/uploads\/2015\/11\/S.-36-Copy-768x520.jpg 768w, https:\/\/schuetzen-hoengen.de\/wp-content\/uploads\/2015\/11\/S.-36-Copy.jpg 800w\" sizes=\"(max-width: 300px) 100vw, 300px\" \/><\/a><\/p>\n<p style=\"text-align: center;\"><a href=\"http:\/\/www.schuetzen-hoengen.de\/wp-content\/uploads\/2015\/11\/S.-39-2-Copy.jpg\" data-rel=\"lightbox-image-5\" data-rl_title=\"\" data-rl_caption=\"\" title=\"\"><img loading=\"lazy\" decoding=\"async\" class=\"alignnone size-medium wp-image-5355\" src=\"http:\/\/www.schuetzen-hoengen.de\/wp-content\/uploads\/2015\/11\/S.-39-2-Copy-300x200.jpg\" alt=\"s-39-2-copy\" width=\"300\" height=\"200\" srcset=\"https:\/\/schuetzen-hoengen.de\/wp-content\/uploads\/2015\/11\/S.-39-2-Copy-300x200.jpg 300w, https:\/\/schuetzen-hoengen.de\/wp-content\/uploads\/2015\/11\/S.-39-2-Copy-768x511.jpg 768w, https:\/\/schuetzen-hoengen.de\/wp-content\/uploads\/2015\/11\/S.-39-2-Copy.jpg 800w\" sizes=\"(max-width: 300px) 100vw, 300px\" \/><\/a><\/p>\n<p style=\"text-align: center;\"><a href=\"http:\/\/www.schuetzen-hoengen.de\/wp-content\/uploads\/2015\/11\/S.-39-1-Copy.jpg\" data-rel=\"lightbox-image-6\" data-rl_title=\"\" data-rl_caption=\"\" title=\"\"><img loading=\"lazy\" decoding=\"async\" class=\"alignnone size-medium wp-image-5356\" src=\"http:\/\/www.schuetzen-hoengen.de\/wp-content\/uploads\/2015\/11\/S.-39-1-Copy-300x202.jpg\" alt=\"s-39-1-copy\" width=\"300\" height=\"202\" srcset=\"https:\/\/schuetzen-hoengen.de\/wp-content\/uploads\/2015\/11\/S.-39-1-Copy-300x202.jpg 300w, https:\/\/schuetzen-hoengen.de\/wp-content\/uploads\/2015\/11\/S.-39-1-Copy-768x516.jpg 768w, https:\/\/schuetzen-hoengen.de\/wp-content\/uploads\/2015\/11\/S.-39-1-Copy.jpg 800w\" sizes=\"(max-width: 300px) 100vw, 300px\" \/><\/a><\/p>\n<p>Ann\u00e4hernd 2 km Kabel wurden von Elektrikern unter Leitung von Bert Fehlen verlegt. Die restlichen Arbeiten wurden gr\u00f6\u00dftenteils in Eigenleistung erstellt. Hier sorgte die <strong>Bauleitung unter Hans Jan\u00dfen, Gottfried Engendahl, Lambert Spykers und Berthold Conen f\u00fcr einen reibungslosen Ablauf.<\/strong> Paradest\u00fcck:<\/p>\n<p>Das Dach mit seiner Spannweite von 11 m , eine aufw\u00e4ndige Stahlkonstruktion, wo unsere Metallbauer Hans Jan\u00dfen, Peter Hahnen und Manfred Opinski gefordert waren. Die Decke und Tr\u00e4ger mussten in 4 m H\u00f6he mit Gips doppellagig verkleidet und isoliert werden! Wie war der Anfang doch so schwer! Aber mit zunehmender Routine wurde es leichter. Die Halle wurde komplett einger\u00fcstet. Es konnte vorkommen, dass eine Schicht f\u00fcr die Trockenbauer schon mal 12 Stunden dauerte! Fr\u00fch morgens begann man, um in der Mittagshitze aufh\u00f6ren zu k\u00f6nnen. <strong>( Doch geh\u00b4 mal nach Hause, wenn ein Palmen Jupp sagt: \u201e Wenn wir ens dran sin\u2026\u201c.) Die Maler unter Leitung von Karl Heinz Welter und Hans Reiners<\/strong> sorgten f\u00fcr den letzten Feinschliff der Halle.<\/p>\n<p><strong>Und was hat man nicht alles erlebte:<\/strong><br \/>\nUmgekippte Minibagger (\u201e10cm Frost verlangen eben schweres Ger\u00e4t\u201c); merkw\u00fcrdig daher kommende Radlader (\u201eLenken will gelernt sein\u201c) und bei Nacht und Nebel verlegte Starkstromkabel (\u201eO.K., sie standen unter Zug\u201c) die musste man wieder ausgraben, nachdem die Kreiswerke Wind von der Sache bekamen. Sie wurden dann von den Kreiswerken auch gleich wieder fachm\u00e4nnisch verlegt. Warum nicht gleich so?!<\/p>\n<p><strong>Die Geselligkeit:<\/strong><br \/>\nOhne nennenswerte Verluste an Mensch und Material wurde das Projekt letztendlich abgeschlossen. Wer die Sch\u00fctzen kennt, wei\u00df, dass Geselligkeit nie zu kurz kommt. Schlie\u00dflich hatte man beim Bau des Zeughauses schon so seine Erfahrungen gemacht. Galt damals aber noch das Motto: \u201eEiner arbeitet und die anderen pflegen die Geselligkeit\u201c, so ging man beim Bau der Halle doch ernsthafter an die Sache heran. Dennoch war nach getaner Arbeit immer noch Zeit f\u00fcr ein Fl\u00e4schchen Bier oder zwei. Damit haben und hatten wir Sch\u00fctzen eben nie ein Problem.<\/p>\n<p style=\"text-align: center;\"><a href=\"http:\/\/www.schuetzen-hoengen.de\/wp-content\/uploads\/2015\/11\/S.-38-Copy.jpg\" data-rel=\"lightbox-image-7\" data-rl_title=\"\" data-rl_caption=\"\" title=\"\"><img loading=\"lazy\" decoding=\"async\" class=\"alignnone size-medium wp-image-5357\" src=\"http:\/\/www.schuetzen-hoengen.de\/wp-content\/uploads\/2015\/11\/S.-38-Copy-300x206.jpg\" alt=\"s-38-copy\" width=\"300\" height=\"206\" srcset=\"https:\/\/schuetzen-hoengen.de\/wp-content\/uploads\/2015\/11\/S.-38-Copy-300x206.jpg 300w, https:\/\/schuetzen-hoengen.de\/wp-content\/uploads\/2015\/11\/S.-38-Copy-768x526.jpg 768w, https:\/\/schuetzen-hoengen.de\/wp-content\/uploads\/2015\/11\/S.-38-Copy.jpg 800w\" sizes=\"(max-width: 300px) 100vw, 300px\" \/><\/a><\/p>\n<p>Etwas Wichtiges wollen wir nicht vergessen: <strong>W\u00e4hrend der Bauphase wurden wir vor allem von den Vorstandsfrauen vorbildlich versorgt!<\/strong><\/p>\n<p style=\"text-align: center;\"><a href=\"http:\/\/www.schuetzen-hoengen.de\/wp-content\/uploads\/2015\/11\/Schie\u251c\u0192stand-2-Copy.jpg\" data-rel=\"lightbox-image-8\" data-rl_title=\"\" data-rl_caption=\"\" title=\"\"><img loading=\"lazy\" decoding=\"async\" class=\"alignnone size-medium wp-image-5358\" src=\"http:\/\/www.schuetzen-hoengen.de\/wp-content\/uploads\/2015\/11\/Schie\u251c\u0192stand-2-Copy-300x206.jpg\" alt=\"schie%e2%94%9c%c6%92stand-2-copy\" width=\"300\" height=\"206\" srcset=\"https:\/\/schuetzen-hoengen.de\/wp-content\/uploads\/2015\/11\/Schie\u251c\u0192stand-2-Copy-300x206.jpg 300w, https:\/\/schuetzen-hoengen.de\/wp-content\/uploads\/2015\/11\/Schie\u251c\u0192stand-2-Copy-768x526.jpg 768w, https:\/\/schuetzen-hoengen.de\/wp-content\/uploads\/2015\/11\/Schie\u251c\u0192stand-2-Copy.jpg 800w\" sizes=\"(max-width: 300px) 100vw, 300px\" \/><\/a><\/p>\n<p><strong>Die Grundsteinlegung:<\/strong><br \/>\nZur Grundsteinlegung am Ostermontag 1997 kamen alle am Bau Beteiligten. Tageszeitung, Urkunde, Geldm\u00fcnzen und ein Bild vom Vorstand wurden in einer Aussparung hinter einer Keramiktafel ( gestiftet von Peter Eicker) als Erinnerung an diesen Tag eingemauert.<\/p>\n<p><a href=\"http:\/\/www.schuetzen-hoengen.de\/wp-content\/uploads\/2015\/11\/S.-37-Copy.jpg\" data-rel=\"lightbox-image-9\" data-rl_title=\"\" data-rl_caption=\"\" title=\"\"><img loading=\"lazy\" decoding=\"async\" class=\"size-medium wp-image-5200 aligncenter\" src=\"http:\/\/www.schuetzen-hoengen.de\/wp-content\/uploads\/2015\/11\/S.-37-Copy-206x300.jpg\" alt=\"s-37-copy\" width=\"206\" height=\"300\" \/><\/a><\/p>\n<p><strong>R\u00fcckblickend l\u00e4sst sich sagen:<\/strong><br \/>\nDie Bauphase hat die Bruderschaft im Kern gest\u00e4rkt und noch mehr gefestigt. Mit Freude schauen wir auf das gelungene Gro\u00dfprojekt.<\/p>\n<p><strong>Die Ausstattung:<\/strong><br \/>\nDer Schie\u00dfstand in der Sch\u00fctzenhalle besteht aus zwei mobilen Kleinkaliberst\u00e4nden ( einmalig im Dekanat ), aus sieben Luftgewehrst\u00e4nden sowie zwei Armbrustst\u00e4nden.<\/p>\n<p>&nbsp;<\/p>\n<p>J\u00e4hrlich finden neben dem Training und den Rundenwettk\u00e4mpfen in den einzelnen Klassen, das Ostereierschie\u00dfen und die Vereinsmeisterschaften statt. Um unabh\u00e4ngig von der Heizung der Hauptschule zu werden, besitzt man seit 2010 eine eigene Heizungsanlage.<\/p>\n<p><strong>Nicht nur ein Schie\u00dfstand:<\/strong><\/p>\n<p><strong><a href=\"http:\/\/www.schuetzen-hoengen.de\/wp-content\/uploads\/2015\/04\/IG-H\u00f6ngener-Karneval.jpg\" rel=\"attachment wp-att-1661\" data-rel=\"lightbox-image-10\" data-rl_title=\"\" data-rl_caption=\"\" title=\"\"><img loading=\"lazy\" decoding=\"async\" class=\"alignnone wp-image-1661 alignleft\" src=\"http:\/\/www.schuetzen-hoengen.de\/wp-content\/uploads\/2015\/04\/IG-H\u00f6ngener-Karneval-276x300.jpg\" alt=\"IG H\u00f6ngener Karneval\" width=\"105\" height=\"114\" srcset=\"https:\/\/schuetzen-hoengen.de\/wp-content\/uploads\/2015\/04\/IG-H\u00f6ngener-Karneval-276x300.jpg 276w, https:\/\/schuetzen-hoengen.de\/wp-content\/uploads\/2015\/04\/IG-H\u00f6ngener-Karneval.jpg 388w\" sizes=\"(max-width: 105px) 100vw, 105px\" \/><\/a><\/strong><br \/>\nDie Halle steht f\u00fcr Kirmesveranstaltungen zur Verf\u00fcgung und kann von den Ortsvereinen und den Mitgliedern bei besonderen Anl\u00e4ssen genutzt werden. Seit 2013 nutzt das Trommler-, Pfeifer- und Fanfarencorps die Sch\u00fctzenhalle als Probelokal.\u00a0 Ebenfalls finden die Karnevalsveranstaltungen der IG in der Sint. Jan Sch\u00fctzenhalle statt.<\/p>\n<p style=\"text-align: left;\"><a href=\"http:\/\/www.schuetzen-hoengen.de\/wp-content\/uploads\/2015\/11\/TPFC_LOGO3.jpg\" rel=\"attachment wp-att-1880\" data-rel=\"lightbox-image-11\" data-rl_title=\"\" data-rl_caption=\"\" title=\"\"><img loading=\"lazy\" decoding=\"async\" class=\"wp-image-1880 aligncenter\" src=\"http:\/\/www.schuetzen-hoengen.de\/wp-content\/uploads\/2015\/11\/TPFC_LOGO3.jpg\" alt=\"TPFC_LOGO3\" width=\"124\" height=\"118\" \/><\/a><strong>Die Zukunft:<\/strong><br \/>\nWegen der sich abzeichnenden Versch\u00e4rfungen im Waffengesetz ist geplant den Kleinkaliberschie\u00dfstand im Laufe des Jahres 2018 aus der Halle auszulagern. Er soll dann vor der Turnhalle neu angelegt werden.<\/p>\n<h6><strong>\u00a0Vermietung der Sch\u00fctzenhalle<\/strong><\/h6>\n<p><a href=\"http:\/\/www.schuetzen-hoengen.de\/wp-content\/uploads\/2015\/11\/Halle.jpg\" data-rel=\"lightbox-image-12\" data-rl_title=\"\" data-rl_caption=\"\" title=\"\"><img loading=\"lazy\" decoding=\"async\" class=\"wp-image-6512 size-full aligncenter\" src=\"http:\/\/www.schuetzen-hoengen.de\/wp-content\/uploads\/2015\/11\/Halle.jpg\" alt=\"halle\" width=\"835\" height=\"591\" srcset=\"https:\/\/schuetzen-hoengen.de\/wp-content\/uploads\/2015\/11\/Halle.jpg 835w, https:\/\/schuetzen-hoengen.de\/wp-content\/uploads\/2015\/11\/Halle-300x212.jpg 300w, https:\/\/schuetzen-hoengen.de\/wp-content\/uploads\/2015\/11\/Halle-768x544.jpg 768w\" sizes=\"(max-width: 835px) 100vw, 835px\" \/><\/a><\/p>\n<p>Kann f\u00fcr private Veranstaltungen\/ Feiern und von Vereinen gemietet werden. Bitte den Vorstand ansprechen.<\/p>\n<p>&nbsp;<\/p>\n","protected":false},"excerpt":{"rendered":"<p>Sint Jan ist der Taufpate H\u00f6ngener Sch\u00fctzen bauen Sch\u00fctzenhalle in Eigenleistung &nbsp; Einweihung mit einem Festabend Am 18. Oktober 1997 war es endlich so weit: Ein f\u00fcr den Ort H\u00f6ngen beispielhaftes Bauprojekt wurde fertiggestellt. Die Sankt Johannes Baptist Sch\u00fctzenbruderschaft feierte die Einweihung ihrer neuen Sch\u00fctzenhalle. Pr\u00e4sident Hans Jan\u00dfen konnte w\u00e4hrend des Festaktes alle Ortsvereine und &hellip; <a href=\"https:\/\/schuetzen-hoengen.de\/index.php\/historisches\/bau-schuetzenhalle\/\" class=\"more-link\"><span class=\"screen-reader-text\">Bau Sch\u00fctzenhalle &#8211; Vermietung<\/span> weiterlesen <span class=\"meta-nav\">&rarr;<\/span><\/a><\/p>\n","protected":false},"author":2,"featured_media":0,"parent":42,"menu_order":0,"comment_status":"closed","ping_status":"closed","template":"","meta":{"footnotes":""},"_links":{"self":[{"href":"https:\/\/schuetzen-hoengen.de\/index.php\/wp-json\/wp\/v2\/pages\/820"}],"collection":[{"href":"https:\/\/schuetzen-hoengen.de\/index.php\/wp-json\/wp\/v2\/pages"}],"about":[{"href":"https:\/\/schuetzen-hoengen.de\/index.php\/wp-json\/wp\/v2\/types\/page"}],"author":[{"embeddable":true,"href":"https:\/\/schuetzen-hoengen.de\/index.php\/wp-json\/wp\/v2\/users\/2"}],"replies":[{"embeddable":true,"href":"https:\/\/schuetzen-hoengen.de\/index.php\/wp-json\/wp\/v2\/comments?post=820"}],"version-history":[{"count":22,"href":"https:\/\/schuetzen-hoengen.de\/index.php\/wp-json\/wp\/v2\/pages\/820\/revisions"}],"predecessor-version":[{"id":6513,"href":"https:\/\/schuetzen-hoengen.de\/index.php\/wp-json\/wp\/v2\/pages\/820\/revisions\/6513"}],"up":[{"embeddable":true,"href":"https:\/\/schuetzen-hoengen.de\/index.php\/wp-json\/wp\/v2\/pages\/42"}],"wp:attachment":[{"href":"https:\/\/schuetzen-hoengen.de\/index.php\/wp-json\/wp\/v2\/media?parent=820"}],"curies":[{"name":"wp","href":"https:\/\/api.w.org\/{rel}","templated":true}]}}