{"id":8493,"date":"2017-04-17T15:40:22","date_gmt":"2017-04-17T13:40:22","guid":{"rendered":"http:\/\/www.schuetzen-hoengen.de\/?page_id=8493"},"modified":"2017-09-04T19:13:50","modified_gmt":"2017-09-04T17:13:50","slug":"kameradschaftstag","status":"publish","type":"page","link":"https:\/\/schuetzen-hoengen.de\/index.php\/veranstaltungen-2\/0-veranstaltungen-2017\/kameradschaftstag\/","title":{"rendered":"Kameradschaftstag 02.09.2017"},"content":{"rendered":"<h3><\/h3>\n<h2 style=\"text-align: center;\"><strong>Planwagenfahrt mit\u00a0 Grillen<\/p>\n<p><\/strong>\u00a0\u00a0\u00a0\u00a0\u00a0\u00a0 Ziel Effelder Waldsee!!!!<\/h2>\n<h5 style=\"text-align: center;\"><a title=\"\" href=\"http:\/\/www.schuetzen-hoengen.de\/wp-content\/uploads\/2015\/04\/Planwagenfahrt.jpg\" data-rel=\"lightbox-image-bGlnaHRib3gtMzI=\" data-rl_title=\"\" data-rl_caption=\"\" data-slimstat=\"5\"><img loading=\"lazy\" decoding=\"async\" class=\" wp-image-8036 aligncenter\" src=\"http:\/\/www.schuetzen-hoengen.de\/wp-content\/uploads\/2015\/04\/Planwagenfahrt.jpg\" alt=\"\" width=\"197\" height=\"149\" \/><br \/>\n<\/a><strong>Da die Pferde verhindert waren, musste man kurzfristig auf ein Gef\u00e4hrt mit vier R\u00e4dern als Zugfahrzeug zur\u00fcckgreifen!<\/strong><\/h5>\n<h5>Hier zwei Bilder, die uns zugespielt wurden &#8211; nicht ganz jugendfrei<\/h5>\n<p><a href=\"http:\/\/www.schuetzen-hoengen.de\/wp-content\/uploads\/2017\/04\/IMG-20170902-WA0004.jpg\" data-rel=\"lightbox-image-1\" data-rl_title=\"\" data-rl_caption=\"\" title=\"\"><img loading=\"lazy\" decoding=\"async\" class=\"alignnone size-medium wp-image-9166\" src=\"http:\/\/www.schuetzen-hoengen.de\/wp-content\/uploads\/2017\/04\/IMG-20170902-WA0004-169x300.jpg\" alt=\"\" width=\"169\" height=\"300\" srcset=\"https:\/\/schuetzen-hoengen.de\/wp-content\/uploads\/2017\/04\/IMG-20170902-WA0004-169x300.jpg 169w, https:\/\/schuetzen-hoengen.de\/wp-content\/uploads\/2017\/04\/IMG-20170902-WA0004-576x1024.jpg 576w, https:\/\/schuetzen-hoengen.de\/wp-content\/uploads\/2017\/04\/IMG-20170902-WA0004.jpg 720w\" sizes=\"(max-width: 169px) 100vw, 169px\" \/><\/a> <a href=\"http:\/\/www.schuetzen-hoengen.de\/wp-content\/uploads\/2017\/04\/IMG-20170902-WA0006.jpg\" data-rel=\"lightbox-image-2\" data-rl_title=\"\" data-rl_caption=\"\" title=\"\"><img loading=\"lazy\" decoding=\"async\" class=\"alignnone size-medium wp-image-9167\" src=\"http:\/\/www.schuetzen-hoengen.de\/wp-content\/uploads\/2017\/04\/IMG-20170902-WA0006-300x225.jpg\" alt=\"\" width=\"300\" height=\"225\" srcset=\"https:\/\/schuetzen-hoengen.de\/wp-content\/uploads\/2017\/04\/IMG-20170902-WA0006-300x225.jpg 300w, https:\/\/schuetzen-hoengen.de\/wp-content\/uploads\/2017\/04\/IMG-20170902-WA0006-768x576.jpg 768w, https:\/\/schuetzen-hoengen.de\/wp-content\/uploads\/2017\/04\/IMG-20170902-WA0006-1024x768.jpg 1024w, https:\/\/schuetzen-hoengen.de\/wp-content\/uploads\/2017\/04\/IMG-20170902-WA0006.jpg 1280w\" sizes=\"(max-width: 300px) 100vw, 300px\" \/><\/a><\/p>\n<h5 style=\"text-align: center;\">Wer viel trinkt muss auch viel p&#8230;&#8230;.. !!!<\/h5>\n<h5 style=\"text-align: center;\"><strong>Im Anschluss lies man den Tag beim gem\u00fctlichem Beisammensein auskingen.<\/p>\n<p><\/strong><\/h5>\n<p style=\"text-align: center;\"><a href=\"http:\/\/www.schuetzen-hoengen.de\/wp-content\/uploads\/2015\/04\/Grillen2.jpg\" data-rel=\"lightbox-image-3\" data-rl_title=\"\" data-rl_caption=\"\" title=\"\"><img loading=\"lazy\" decoding=\"async\" class=\"alignnone wp-image-9136\" src=\"http:\/\/www.schuetzen-hoengen.de\/wp-content\/uploads\/2015\/04\/Grillen2.jpg\" alt=\"\" width=\"206\" height=\"154\" \/><\/a><\/p>\n<h5 style=\"text-align: center;\">\u00a0\u00a0 Rudi legte auf!!!!<\/h5>\n<p>&nbsp;<\/p>\n<p>&nbsp;<\/p>\n<h3><\/h3>\n<h3><\/h3>\n<h3 style=\"text-align: center;\">Kameradschaftstag\u00a0 \u2013 Ausflug<\/h3>\n<h5>nach zweij\u00e4hriger Unterbrechung bieten\u00a0 wir in diesem Jahr wieder einen Kameradschaftstag \u2013 Ausflug an.<\/h5>\n<h2 style=\"text-align: center;\">\u00a0\u00a0 Termin:\u00a0 Samstag, 02.09.<\/h2>\n<h5 style=\"text-align: center;\"><a title=\"\" href=\"http:\/\/www.schuetzen-hoengen.de\/wp-content\/uploads\/2015\/04\/Planwagenfahrt.jpg\" data-rel=\"lightbox-image-bGlnaHRib3gtMzI=\" data-rl_title=\"\" data-rl_caption=\"\" data-slimstat=\"5\"><img loading=\"lazy\" decoding=\"async\" class=\"size-full wp-image-8036 aligncenter\" src=\"http:\/\/www.schuetzen-hoengen.de\/wp-content\/uploads\/2015\/04\/Planwagenfahrt.jpg\" alt=\"\" width=\"258\" height=\"195\" \/><\/a>\u2026\u2026\u2026\u2026\u2026\u2026.. und ab in die Natur<\/h5>\n<h6 style=\"text-align: center;\">geplant ist eine Planwagenfahrt mit Grillabend<\/h6>\n<p style=\"text-align: center;\"><a title=\"\" href=\"http:\/\/www.schuetzen-hoengen.de\/wp-content\/uploads\/2015\/04\/Karemadschaftinternet-Copy.jpg\" data-rel=\"lightbox-image-bGlnaHRib3gtMzM=\" data-rl_title=\"\" data-rl_caption=\"\" data-slimstat=\"5\"><img loading=\"lazy\" decoding=\"async\" class=\"alignnone size-medium wp-image-6750\" src=\"http:\/\/www.schuetzen-hoengen.de\/wp-content\/uploads\/2015\/04\/Karemadschaftinternet-Copy-300x126.jpg\" sizes=\"(max-width: 300px) 100vw, 300px\" srcset=\"http:\/\/www.schuetzen-hoengen.de\/wp-content\/uploads\/2015\/04\/Karemadschaftinternet-Copy-300x126.jpg 300w, http:\/\/www.schuetzen-hoengen.de\/wp-content\/uploads\/2015\/04\/Karemadschaftinternet-Copy-768x323.jpg 768w, http:\/\/www.schuetzen-hoengen.de\/wp-content\/uploads\/2015\/04\/Karemadschaftinternet-Copy.jpg 800w\" alt=\"Karemadschaftinternet (Copy)\" width=\"300\" height=\"126\" \/><\/a><\/p>\n<p style=\"text-align: center;\"><a title=\"\" href=\"http:\/\/www.schuetzen-hoengen.de\/wp-content\/uploads\/2015\/04\/Kameradschaftstag-2014-Copy.jpg\" data-rel=\"lightbox-image-bGlnaHRib3gtMzQ=\" data-rl_title=\"\" data-rl_caption=\"\" data-slimstat=\"5\"><br \/>\n<img loading=\"lazy\" decoding=\"async\" class=\"alignnone size-medium wp-image-6574\" src=\"http:\/\/www.schuetzen-hoengen.de\/wp-content\/uploads\/2015\/04\/Kameradschaftstag-2014-Copy-300x226.jpg\" sizes=\"(max-width: 300px) 100vw, 300px\" srcset=\"http:\/\/www.schuetzen-hoengen.de\/wp-content\/uploads\/2015\/04\/Kameradschaftstag-2014-Copy-300x226.jpg 300w, http:\/\/www.schuetzen-hoengen.de\/wp-content\/uploads\/2015\/04\/Kameradschaftstag-2014-Copy-768x577.jpg 768w, http:\/\/www.schuetzen-hoengen.de\/wp-content\/uploads\/2015\/04\/Kameradschaftstag-2014-Copy.jpg 798w\" alt=\"kameradschaftstag-2014-copy\" width=\"300\" height=\"226\" \/><\/a><\/p>\n<p style=\"text-align: center;\">Fahrradtour- Schifffahrt nach Thorn ( 2014 )<\/p>\n<p style=\"text-align: center;\">Abends mit \u2013 the one and only \u2013 Guido\u00a0\u00a0\u00a0 Hast Du noch einen!!<\/p>\n","protected":false},"excerpt":{"rendered":"<p>Planwagenfahrt mit\u00a0 Grillen \u00a0\u00a0\u00a0\u00a0\u00a0\u00a0 Ziel Effelder Waldsee!!!! Da die Pferde verhindert waren, musste man kurzfristig auf ein Gef\u00e4hrt mit vier R\u00e4dern als Zugfahrzeug zur\u00fcckgreifen! Hier zwei Bilder, die uns zugespielt wurden &#8211; nicht ganz jugendfrei Wer viel trinkt muss auch viel p&#8230;&#8230;.. !!! Im Anschluss lies man den Tag beim gem\u00fctlichem Beisammensein auskingen. \u00a0\u00a0 Rudi &hellip; <a href=\"https:\/\/schuetzen-hoengen.de\/index.php\/veranstaltungen-2\/0-veranstaltungen-2017\/kameradschaftstag\/\" class=\"more-link\"><span class=\"screen-reader-text\">Kameradschaftstag 02.09.2017<\/span> weiterlesen <span class=\"meta-nav\">&rarr;<\/span><\/a><\/p>\n","protected":false},"author":3,"featured_media":0,"parent":6385,"menu_order":0,"comment_status":"closed","ping_status":"closed","template":"","meta":{"footnotes":""},"_links":{"self":[{"href":"https:\/\/schuetzen-hoengen.de\/index.php\/wp-json\/wp\/v2\/pages\/8493"}],"collection":[{"href":"https:\/\/schuetzen-hoengen.de\/index.php\/wp-json\/wp\/v2\/pages"}],"about":[{"href":"https:\/\/schuetzen-hoengen.de\/index.php\/wp-json\/wp\/v2\/types\/page"}],"author":[{"embeddable":true,"href":"https:\/\/schuetzen-hoengen.de\/index.php\/wp-json\/wp\/v2\/users\/3"}],"replies":[{"embeddable":true,"href":"https:\/\/schuetzen-hoengen.de\/index.php\/wp-json\/wp\/v2\/comments?post=8493"}],"version-history":[{"count":6,"href":"https:\/\/schuetzen-hoengen.de\/index.php\/wp-json\/wp\/v2\/pages\/8493\/revisions"}],"predecessor-version":[{"id":9168,"href":"https:\/\/schuetzen-hoengen.de\/index.php\/wp-json\/wp\/v2\/pages\/8493\/revisions\/9168"}],"up":[{"embeddable":true,"href":"https:\/\/schuetzen-hoengen.de\/index.php\/wp-json\/wp\/v2\/pages\/6385"}],"wp:attachment":[{"href":"https:\/\/schuetzen-hoengen.de\/index.php\/wp-json\/wp\/v2\/media?parent=8493"}],"curies":[{"name":"wp","href":"https:\/\/api.w.org\/{rel}","templated":true}]}}